1 - 10*j + 0*j. Suppose -11*w + 15*w - 4 = 0. Determine n(w).
-9
Let v(n) = -3*n + 3. Let m = -31 - -18. Let c = 15 + m. What is v(c)?
-3
Let d(i) = -2*i - 2. Let a = 36 - 41. Determine d(a).
8
Let j(y) = -3 - y**3 - y + 16*y**2 - 16*y**2. Let o be j(-3). Let n be 129/o + (-4)/(-18). Let f(l) = l + 2. What is f(n)?
7
Let b be (-2 - -4)/((-1)/(-1)). Let q(t) = -t**2 + 7 - b + 6*t - 3 + 3. Calculate q(6).
5
Let d(g) = g**2 - 4*g - 5. Let x be d(5). Suppose -u + x*u = -3. Let k(m) = m - 4. What is k(u)?
-1
Let g = -6 + -1. Let f(j) = j + 10. Let q be f(g). Let d(r) = -7 - q + 7 - 3*r. Calculate d(-2).
3
Let s(i) = i**2 - 12*i + 15. Let l be s(11). Let m(g) be the third derivative of -g**4/24 - g**2. What is m(l)?
-4
Let r(j) = 3*j + 6*j + 0*j - 7*j. Calculate r(-3).
-6
Let s(i) = 16*i + 3. Let b(r) = 11*r + 2. Let g(a) = 7*b(a) - 5*s(a). Give g(-3).
8
Let j(x) = 2*x + 7. Let a = 3 + -4. Let v be (-8)/(-3) + 1/3. Let m(o) = o + 1. Let l(f) = a*j(f) + v*m(f). What is l(4)?
0
Let q = -6 - -12. Let i(f) = 3*f - 7. Give i(q).
11
Suppose -5*t - 2*u = -16, -2*t + 3*t = -4*u + 14. Let a(l) = 2*l**2 - l**3 + 0*l**3 - 1 - 3*l**2 + 3*l. Determine a(t).
-7
Let v = -110 - -114. Let o(x) = x**2 + 4 - x + 3*x - 8*x. Calculate o(v).
-4
Let y = -49 + 72. Let f(v) = -5 + 17*v - 39*v + y*v. Suppose 4*h + 0*l - 24 = -l, -h + 6 = l. Determine f(h).
1
Let z(c) be the third derivative of -c**6/120 - c**5/60 - c**4/24 - c**3/6 - 2*c**2. Let a be 1/((0 + 2)/(-2)). Calculate z(a).
0
Suppose 60 = -7*t + 17*t. Let l(y) = y**2 - 8*y + 7. Determine l(t).
-5
Let x(r) = -7*r - 5. Let k(b) = 6*b + 6. Let m(g) = 6*k(g) + 5*x(g). Suppose 4*f + n = -2*n - 28, 5*f + 35 = 4*n. What is m(f)?
4
Let l(q) be the third derivative of -q**7/2520 + q**6/120 - 7*q**5/120 + q**4/8 + 5*q**2. Let s(h) be the second derivative of l(h). Determine s(5).
-2
Let k(o) = -4*o**3 - o + 1. Suppose 46 - 1 = 5*m. Let x be 15/m + 4/(-6). Give k(x).
-4
Let b be 1/3 - 396/(-27). Let a(o) = 0*o - 5*o + b*o. Determine a(-1).
-10
Let f(g) = -3*g - 6. Let m = -13 + 10. Let j = m + -1. Determine f(j).
6
Let i(h) = -h**2 - h - 1. Let l(k) = k**3 + 6*k**2 + k + 4. Let v(x) = 4*i(x) + l(x). Calculate v(-3).
0
Let m(r) be the second derivative of -2*r**2 - 1/12*r**4 + 0 + 2*r + r**3. Let b(l) = -3*l - 3. Let o be b(-3). Calculate m(o).
-4
Let k(z) be the first derivative of z**4/24 + z**3/6 + 7*z**2/2 + 1. Let n(l) be the second derivative of k(l). Calculate n(1).
2
Let l be 54/(-12)*4/(-3). Let y(p) = p**2 - 5*p + 4. Calculate y(l).
10
Let n(b) = 3*b + 1. Suppose 0 = -h - 0 + 3. Suppose k + 3*l - 11 = h*k, -2*l + 14 = 2*k. Suppose q = -k*q + 3. Calculate n(q).
4
Let i(p) = p**2 + p - 10*p + 31 - 20. Determine i(8).
3
Let z(d) = -4*d**2 + 6*d + 2. Suppose -r - 3*r = -8. Let x(j) = j**r - j + 12 - 12. Let q(u) = 5*x(u) + z(u). What is q(-2)?
4
Let r(z) = 2*z**2 + 4*z + 2. Let b(v) = -3*v - 3. Let m(y) = -4*y - 4. Let s(p) = -3*b(p) + 2*m(p). Let c be s(-4). What is r(c)?
8
Let t(i) be the first derivative of i**2/2 + 5*i + 20. Calculate t(5).
10
Suppose 3*g + 60 = -7*g. Let u(v) = -2*v - 7. Give u(g).
5
Let z(r) = r**3 + 2*r**2 + 4*r - 3. Let k(x) = -x**3 - x**2 - 4*x + 3. Let a(d) = 5*k(d) + 6*z(d). Determine a(-6).
9
Let l be 4/(-2)*12/(-8). Suppose 0 = 4*s + o - 4*o + 1, -l*s - 5*o - 8 = 0. Let c(u) = -5*u + 1. What is c(s)?
6
Let r(g) = -432 + 3*g - g**2 + 146 + 140 + 145. Let q(t) = -t - 3. Let x be q(-5). Determine r(x).
1
Let l(n) = 3*n**3 + 5*n**2 - 4 + n**2 - n - 3*n - 4*n**3. Calculate l(5).
1
Let u(l) be the third derivative of -l**6/120 - l**5/12 - 7*l**3/6 - 11*l**2. Give u(-5).
-7
Let d(h) = -h**2 + 8*h + 1. Let c(u) = -2*u**3 - 3*u**2 - 5*u - 7. Let a be c(-2). What is d(a)?
8
Suppose 3*o - 2 = 13. Let x(i) = i + o*i - 2 - 4 - 3*i. Let b = -13 + 18. Calculate x(b).
9
Let p(h) = -3*h - 3. Let v(o) = -6*o - 6. Let l(s) = 5*p(s) - 3*v(s). Give l(-3).
-6
Let r(z) be the second derivative of -z**5/20 - z**4/3 - 2*z**3/3 - z**2/2 + 3*z. Let m be r(-3). Let x(s) = 0*s**3 - s**2 + 2*s**m + 2*s**3. What is x(-1)?
-1
Let c(a) be the first derivative of -a**3/3 + 8*a - 4. Give c(0).
8
Let p be (2 + -1*3)*-2. Let r(y) = -4*y + 2*y - 2 + 5*y - y**p + 2*y. What is r(4)?
2
Let i(v) = -v**3 + 6*v**2 - 3*v + 6. Suppose 0 = -5*z + 5*f + 20, -4*f = -z + 1 - 0. What is i(z)?
16
Let v(g) be the second derivative of -g**5/20 - g**4/2 - g**3/6 + 7*g. Give v(-6).
6
Let d(j) be the first derivative of -2*j**3/3 - 3*j**2/2 - j - 4. Give d(-2).
-3
Let l(q) = 6*q - 1. Let b be l(1). Suppose 2 = v - 0. Let u(j) = j + 2 - v. What is u(b)?
5
Suppose -4*o + 32 = -5*n, 5*o = -4*n - 0*o - 1. Suppose 1 = -3*r + 7. Let j(g) = g - 5*g**2 + 2 - 4*g - r*g**3 + g**3. What is j(n)?
-2
Let q(f) = -f**3 + 5. Let n be q(0). Let t(b) = -b**3 + 7*b**2 - 7*b. Determine t(n).
15
Let x be (4/10)/(1/(-5)). Let w(t) be the second derivative of 2*t**3/3 + t**2 + t. What is w(x)?
-6
Let o(i) be the second derivative of -5*i**4/24 + i**3/2 - 3*i**2 - 6*i. Let n(w) be the first derivative of o(w). Calculate n(3).
-12
Let w(y) = -3*y**2 + 4*y - 5. Let q(c) = -c**2 + c - 1. Let z(j) = 4*q(j) - w(j). Suppose -5*x + 7*x + 5*m = -14, x - m = 7. What is z(x)?
-8
Let p(n) = n**3 + 7*n**2 + 8*n + 10. Let c be p(-6). Let f(q) = 0*q**2 + 11*q + q**3 - 9*q - 3*q + q**2 + 1. Calculate f(c).
-1
Let h(i) = -i**3 + i**2 - i - 8. Let s(n) = n**3 + 4*n**2 - 5*n - 5. Let v be s(-5). Let p be 17/v + 4/10. Let u be (3/(-1) - p) + 0. What is h(u)?
-8
Let j be -3 - (1 - 1 - 1). Let b(v) = -2*v**3 - 3*v**2 - 4*v - 2. What is b(j)?
10
Suppose -3*p + 5 = 2*p. Let q(m) = 2 - 2 + p + 2*m. What is q(3)?
7
Let n(j) = -1 + j - 2*j + 1 + j**2. Let s(g) = g**3 + 9*g**2 - 8*g + 2. Let r(a) = 6*n(a) - s(a). Determine r(-3).
-8
Let y(t) = t**3 + 6*t**2 + 6*t - 1. Let r = 5 - 4. Let c be (-10 - -3)/r + 2. Calculate y(c).
-6
Let z(n) = -3*n**3 - 6*n**2 + 4. Let c be z(-4). Let v(u) = -c*u + 100*u + u**2. Let o = -4 - -2. Give v(o).
4
Suppose -5 + 1 = -2*j. Let s(c) = -6*c**2 + 4 - c**3 - 1 + j*c**2. Determine s(-4).
3
Let d(r) = r + 8. Let o be d(-10). Let q(f) be the first derivative of -f**4/4 - 2*f**3/3 - 3*f**2/2 - 3*f + 1. Determine q(o).
3
Let a(f) = -1 - 8 + f + 0 + 2. Suppose -2*b = -j, 2*j + b - 18 = -b. What is a(j)?
-1
Let n(q) = -q**3 - 3*q**2 - 2*q - 4. Let d be n(-3). Let o(x) = 3*x**3 - 2*x**3 - 3 - 4*x**2 + 4*x + 1. Calculate o(d).
-2
Suppose 0 = o + 4*o + 30. Let x be -2*(-1 - o/3). Let w(c) = -2*c**2 - 6*c - 13. Let j(l) = -l**2 - 3*l - 7. Let s(p) = -11*j(p) + 6*w(p). What is s(x)?
1
Let x(p) = 3*p - 10. Let d(m) = -m**3 - 8*m**2 - 8*m - 2. Let v be d(-7). Let k = -2 - v. Let b(c) = -2*c + 7. Let u(h) = k*b(h) - 5*x(h). Give u(3).
-2
Let i(m) = m. Let f be (-2)/4 - 14/4. Let b(p) = p - 2. Let r(h) = f*i(h) + b(h). Determine r(-2).
4
Let x(h) = h**2 + 8*h + 9. Let o be x(-9). Let p(u) = -u + 5*u**2 + 1 + u - o*u**2. Let b(r) = -r**3 - 4*r**2 - r - 3. Let f be b(-4). Calculate p(f).
-12
Let x(c) = -2*c**3 + 4*c**2 - 4*c + 3. Suppose -2*h - 5 = 5. Let y be 14*1/4*2. Let i = h + y. Give x(i).
-5
Suppose 0 = -o + 3, 3*y - 4*o + 3 + 3 = 0. Let w(b) = b + 3*b - y*b. Suppose -q - 7 = -3*v + 8*v, 0 = 5*v - 5*q + 25. Calculate w(v).
-4
Let s(v) = v**3 + 6*v**2 + v - 6. Suppose 15 = -0*g + g. Let m = g + -21. Calculate s(m).
-12
Let d(o) = o - 4. Let n be d(6). Suppose n*t + 0*l - 4 = 3*l, -3*t = -l - 13. Let f(u) = -u**2 + 4*u + 1. Give f(t).
-4
Suppose 0 = 5*n + 5. Let j(p) = -11*p**3 + p**2. What is j(n)?
12
Let i(c) = 4*c**3 - 2*c**2 + 4*c - 14. Let s(r) = -3*r**3 + 3*r**2 - 3*r + 13. Let k(x) = 4*i(x) + 5*s(x). Give k(-7).
2
Let f(n) be the first derivative of 3*n**2/2 + 4*n - 56. Determine f(-7).
-17
Let t(k) be the first derivative of k**3/3 - 7*k**2/2 + 5*k + 2. Suppose 0 = 5*u - u - 24. What is t(u)?
-1
Let t(k) = -k**2 + 2*k + 3. Let y = -35 + 50. Let n be (-5 + 1 - -1)*-1. Suppose -n = -d - 0*d + p, -5*d - y = p. What is t(d)?
-5
Let w(t) = -5*t - 6. Let h(m) = 9*m + 11. Let q be 2/(3 + -1) - 4. Let z(c) = q*h(c) - 5*w(c). Suppose -5*n = -9*n + 12. Give z(n).
-9
Suppose 0 = -3*f + 5*v - 0*v + 1, 3*v = -3*f + 33. Let w(j) = -j + 8. Calculate w(f).
1
Let n(q) be the first derivative of -q**3/3 + q**2/2 - 6*q + 11. Let v be (-2)/(-4) - (-4)/(-8). Calculate n(v).
-6
Let z(a)